{"id":47,"date":"2020-07-19T18:23:32","date_gmt":"2020-07-19T18:23:32","guid":{"rendered":"http:\/\/iced.guide\/?page_id=47"},"modified":"2024-09-29T10:12:11","modified_gmt":"2024-09-29T10:12:11","slug":"4-fundamentals","status":"publish","type":"page","link":"https:\/\/iced.guide\/?page_id=47","title":{"rendered":"6 Fundamentals"},"content":{"rendered":"\n<p><strong>Die 6 Fundamentals (<strong>Grundregeln<\/strong><\/strong>)<\/p>\n\n\n\n<ol class=\"wp-block-list\">\n<li>ICED stellt den Innovationsprozess durch vier aufeinander aufbauende inkrementelle Phasen umfassen dar: Why, What, How und Do<\/li>\n\n\n\n<li>Die Blickrichtungen bei ICED sind immer und gleicherma\u00dfen nach au\u00dfen, nach innen und nach vorne gerichtet, um eine ganzheitliche Sichtweise mit dem Fokus auf den Mehrwert zu gew\u00e4hrleisten<\/li>\n\n\n\n<li>Aus den drei Blickrichtungen innerhalb der vier Phasen ergeben sich zw\u00f6lf Schritte, aus deren Kernelementen sich das namensgebende Akronym ICED bildet<\/li>\n\n\n\n<li>Die Anzahl der Perspektiven (der jeweiligen Rollen) ist grunds\u00e4tzlich unbegrenzt und ausschlie\u00dflich von deren Relevanz abh\u00e4ngig\u00a0<\/li>\n\n\n\n<li>Jede Betrachtung\/Bewertung ist lediglich eine gefrorene Momentaufnahme (ICED) in einem dauerhaft flie\u00dfenden Prozess<\/li>\n\n\n\n<li>Der ICED-Innovationsprozess ist ergebnisoffen, agil, lean und iterativ<\/li>\n<\/ol>\n","protected":false},"excerpt":{"rendered":"<p>Die 6 Fundamentals (Grundregeln)<\/p>\n","protected":false},"author":1,"featured_media":0,"parent":0,"menu_order":0,"comment_status":"closed","ping_status":"closed","template":"","meta":{"footnotes":""},"class_list":["post-47","page","type-page","status-publish","hentry"],"_links":{"self":[{"href":"https:\/\/iced.guide\/index.php?rest_route=\/wp\/v2\/pages\/47","targetHints":{"allow":["GET"]}}],"collection":[{"href":"https:\/\/iced.guide\/index.php?rest_route=\/wp\/v2\/pages"}],"about":[{"href":"https:\/\/iced.guide\/index.php?rest_route=\/wp\/v2\/types\/page"}],"author":[{"embeddable":true,"href":"https:\/\/iced.guide\/index.php?rest_route=\/wp\/v2\/users\/1"}],"replies":[{"embeddable":true,"href":"https:\/\/iced.guide\/index.php?rest_route=%2Fwp%2Fv2%2Fcomments&post=47"}],"version-history":[{"count":4,"href":"https:\/\/iced.guide\/index.php?rest_route=\/wp\/v2\/pages\/47\/revisions"}],"predecessor-version":[{"id":116,"href":"https:\/\/iced.guide\/index.php?rest_route=\/wp\/v2\/pages\/47\/revisions\/116"}],"wp:attachment":[{"href":"https:\/\/iced.guide\/index.php?rest_route=%2Fwp%2Fv2%2Fmedia&parent=47"}],"curies":[{"name":"wp","href":"https:\/\/api.w.org\/{rel}","templated":true}]}}